e?
False
Is 1095043 prime?
True
Is 8057 a prime number?
False
Is 255043 prime?
True
Is 58451 composite?
False
Is 23431 a composite number?
False
Is 2499337 composite?
False
Is 4621 a composite number?
False
Is 4535 prime?
False
Is 249761 prime?
False
Is 7243 a prime number?
True
Is 230431 composite?
False
Is 78423 prime?
False
Is 5182 composite?
True
Is 282559 a composite number?
False
Is 539483 composite?
True
Is 46261 a composite number?
False
Is 1559 composite?
False
Is 173317 a composite number?
True
Is 31367 a composite number?
True
Is 46753 a composite number?
True
Is 110017 prime?
True
Is 5971 a composite number?
True
Is 111295 prime?
False
Is 8413 composite?
True
Is 15261 a prime number?
False
Is 364027 composite?
False
Is 3119 composite?
False
Is 970027 composite?
False
Is 138283 a prime number?
True
Is 1249 prime?
True
Is 105383 prime?
False
Is 103262 a composite number?
True
Is 194 prime?
False
Is 70687 a prime number?
True
Is 11027 a composite number?
False
Is 743251 a composite number?
False
Is 775921 prime?
False
Is 2283 a prime number?
False
Is 7499 composite?
False
Is 117187 a composite number?
True
Is 711889 a prime number?
True
Is 55745 a prime number?
False
Is 17369 a prime number?
False
Is 556337 prime?
False
Is 1448921 prime?
False
Is 152809 prime?
True
Is 196519 a prime number?
True
Is 547419 prime?
False
Is 5353 a composite number?
True
Is 787 a composite number?
False
Is 115301 a composite number?
False
Is 69143 a prime number?
True
Is 947 composite?
False
Is 2599 a composite number?
True
Is 338851 composite?
False
Is 319541 a prime number?
True
Is 298 composite?
True
Is 4619 composite?
True
Is 667627 composite?
True
Is 200219 a prime number?
False
Is 802023 a prime number?
False
Is 14047 composite?
True
Is 585241 a prime number?
False
Is 1855331 prime?
False
Is 87689 prime?
False
Is 16557 prime?
False
Is 251 a composite number?
False
Is 3728963 a prime number?
False
Is 58759 composite?
True
Is 7117 prime?
False
Is 2716559 prime?
False
Is 76303 prime?
True
Is 72989 composite?
True
Is 158909 a prime number?
True
Is 31793 composite?
False
Is 576769 a prime number?
True
Is 1407181 a composite number?
False
Is 2465267 composite?
True
Is 17543 prime?
False
Is 770729 a composite number?
True
Is 15017 composite?
False
Is 18647 a prime number?
False
Is 66083 a prime number?
True
Is 6385 a composite number?
True
Is 7447 a composite number?
True
Is 14349 prime?
False
Is 40027 composite?
True
Is 151691 prime?
False
Is 4765 composite?
True
Is 12343 a prime number?
True
Is 86509 a composite number?
False
Is 20863 prime?
False
Is 330499 composite?
True
Is 86423 a composite number?
False
Is 69557 a composite number?
False
Is 5349 a prime number?
False
Is 6491 prime?
True
Is 123 a prime number?
False
Is 1056649 composite?
True
Is 2291 prime?
False
Is 44463 a prime number?
False
Is 12053 prime?
False
Is 14431 prime?
True
Is 42589 composite?
False
Is 29717 a composite number?
False
Is 6653 prime?
True
Is 403433 a prime number?
True
Is 869 composite?
True
Is 44771 composite?
False
Is 6241 prime?
False
Is 477371 a prime number?
False
Is 202859 a composite number?
False
Is 369743 composite?
True
Is 14909 a prime number?
False
Is 5897 a composite number?
False
Is 39149 prime?
False
Is 36773 prime?
False
Is 2258103 a prime number?
False
Is 245513 a composite number?
False
Is 583727 composite?
False
Is 196159 a prime number?
True
Is 1151 a composite number?
False
Is 260707 a prime number?
False
Is 20413 a composite number?
True
Is 156467 prime?
True
Is 2025487 a prime number?
True
Is 41867 a prime number?
False
Is 174541 composite?
True
Is 769 a prime number?
True
Is 1473 a composite number?
True
Is 505477 a composite number?
True
Is 302945 a prime number?
False
Is 75805 prime?
False
Is 2330117 a prime number?
True
Is 24263 composite?
True
Is 215681 a prime number?
True
Is 5561 composite?
True
Is 41863 a composite number?
False
Is 37949 composite?
True
Is 21907 composite?
True
Is 22111 a composite number?
False
Is 5369621 a composite number?
False
Is 45737 prime?
True
Is 11953 prime?
True
Is 409081 prime?
True
Is 1034707 a prime number?
True
Is 435731 composite?
False
Is 93511 a composite number?
True
Is 701 prime?
True
Is 13957 a prime number?
False
Is 441461 a composite number?
False
Is 4046543 a prime number?
True
Is 2519 composite?
True
Is 107513 composite?
True
Is 905843 a prime number?
True
Is 5939 prime?
True
Is 150457 a prime number?
False
Is 40438 a composite number?
True
Is 240943 prime?
True
Is 1239331 prime?
False
Is 797 prime?
True
Is 10091 a prime number?
True
Is 56881 a composite number?
True
Is 40231 a composite number?
False
Is 10651 a prime number?
True
Is 361663 prime?
True
Is 26557 composite?
False
Is 2929 a composite number?
True
Is 4513 composite?
False
Is 452423 a composite number?
True
Is 11969 a composite number?
False
Is 163621 a composite number?
False
Is 3676377 prime?
False
Is 393571 prime?
True
Is 284619 a prime number?
False
Is 14503 a prime number?
True
Is 11333 prime?
False
Is 302023 composite?
True
Is 269293 composite?
True
Is 22767 a composite number?
True
Is 10801 a composite number?
True
Is 1721 a composite number?
False
Is 157163 composite?
False
Is 2077 composite?
True
Is 8861 prime?
True
Is 871229 prime?
True
Is 166213 composite?
True
Is 160241 composite?
True
Is 37 prime?
True
Is 12443 a prime number?
False
Is 3871499 a composite number?
False
Is 17897 a composite number?
True
Is 15653 prime?
False
Is 77317 a composite number?
False
Is 142007 prime?
True
Is 7195 prime?
False
Is 276389 a composite number?
False
Is 1721 composite?
False
Is 92067 a composite number?
True
Is 140009 a prime number?
True
Is 2819 a prime number?
True
Is 54079 composite?
True
Is 303503 prime?
False
Is 2927 composite?
False
Is 26813 a prime number?
True
Is 825217 a prime number?
False
Is 3017 composite?
True
Is 257627 prime?
True
Is 171293 a composite number?
False
Is 155609 a composite number?
False
Is 259789 prime?
False
Is 40459 composite?
False
Is 22843 composite?
True
Is 26513 composite?
False
Is 63134 composite?
True
Is 2939 a composite number?
False
Is 46091 a composite number?
False
Is 25433 a composite number?
True
Is 85883 a composite number?
True
Is 11383 composite?
False
Is 97813 a composite number?
False
Is 4249 a composite number?
True
Is 232337 a prime number?
False
Is 111533 a prime number?
True
Is 3683 prime?
False
Is 37939 prime?
False
Is 7789 a composite number?
False
Is 11461 a composite number?
True
Is 284407 a composite number?
False
Is 28837 a composite number?
False
Is 91659 a prime number?
False
Is 1793 prime?
False
Is 28387 a prime number?
True
Is 284287 a composite number?
True
Is 300017 a prime number?
True
Is 173501 a composite number?
False
Is 81751 a composite number?
True
Is 255109 a composite number?
True
Is 20317 prime?
False
Is 186389 prime?
False
Is 3230093 prime?
True
Is 1027477 prime?
False
Is 1481 a prime number?
True
Is 96443 composite?
False
Is 31397 prime?
True
Is 335791 prime?
False
Is 68371 a composite number?
False
Is 19571 prime?
True
Is 1189 a prime number?
False
Is 13577 composite?
False
Is 223 composite?
False
Is 818005 a composite number?
True
Is 350162 prime?
False
Is 817 prime?
False
Is 2767 a composite number?
False
Is 238993 a prime number?
False
Is 7387 a composite number?
True
Is 4861 a prime number?
True
Is 1317427 a composite number?
False
Is 697259 a prime number?
True
Is 34219 a composite number?
True
Is 91507 prime?
False
Is 560701 a composite number?
False
Is 86627 a composite number?
False
Is 261049 composite?
True
Is 144617 composite?
True
Is 69427 a composite number?
False
Is 14849 a prime number?
False
Is 149 a prime number?
True
Is 4727 composite?
True
Is 4181479 prime?
True
Is 8461 a composite number?
False
Is 604489 composite?
True
Is 228677 a prime number?
True
Is 1061671 a composite number?
True
Is 144017 a prime number?
False
Is 108529 a composite number?
False
Is 17647 a prime number?
False
Is 388723 composite?
True
Is 986649 a composite number?
True
Is 129 a composite number?
True
Is 22219 a prime number?
False
Is 2591 prime?
True
Is 17223 prime?
False
Is 1306541 a prime number?
True
Is 27299 a composite number?
False
Is 99205 a prime number?
False
Is